hat is 240405 (base 7) in base 3?
2012120010
-116431 (base 9) to base 4
-101023000
What is -5611201 (base 8) in base 7?
-15565232
Convert 2a253c (base 13) to base 15.
156341
-7044a (base 11) to base 16
-19271
5381 (base 10) to base 4
1110011
Convert -3af6a (base 16) to base 3.
-110021021222
Convert -20112201201 (base 3) to base 2.
-11111011101000100
-54077 (base 10) to base 11
-376a1
Convert -177160 (base 9) to base 16.
-1ae86
a26494 (base 11) to base 8
6223355
What is -822b15 (base 13) in base 2?
-1011100100101010001001
ca9c54 (base 13) to base 12
1718444
Convert a4b174 (base 13) to base 2.
1110101100010101010101
Convert -220120212021 (base 3) to base 11.
-30066a
What is a29a (base 13) in base 10?
22435
What is 1354057 (base 9) in base 6?
23542041
-50350422 (base 6) to base 3
-2200122002212
Convert 51680 (base 11) to base 9.
124322
Convert -10503424 (base 6) to base 16.
-4e088
What is -3272c (base 16) in base 9?
-344405
What is 26624 (base 13) in base 6?
1310152
Convert -22042414 (base 5) to base 11.
-120024
600275 (base 9) to base 16
568dc
What is 1126374 (base 11) in base 3?
10201002202222
-12682 (base 9) to base 2
-10000110000011
-35303370 (base 8) to base 15
-a22244
What is 201121002 (base 4) in base 10?
136770
-13110122330 (base 4) to base 2
-111010100011010111100
What is -61e94 (base 16) in base 6?
-12332404
-3221152 (base 7) to base 15
-7b147
What is 1a83429 (base 12) in base 3?
101121211211120
Convert 50643 (base 10) to base 9.
76420
Convert -325209 (base 11) to base 4.
-1332302231
What is -788948 (base 14) in base 3?
-21201002111010
-a8786 (base 11) to base 3
-22000201211
Convert -10001100121121 (base 3) to base 7.
-16530664
Convert -1043115 (base 6) to base 12.
-2649b
10000111010000101101101 (base 2) to base 6
234555341
Convert 216643 (base 7) to base 16.
95fe
2757613 (base 8) to base 4
2331332023
Convert 2460366 (base 8) to base 10.
680182
Convert 11112000120 (base 3) to base 15.
1b553
-170 (base 15) to base 3
-110020
What is 11620600 (base 7) in base 2?
11111111101001011010
Convert -61063 (base 11) to base 15.
-1b69b
Convert bac1 (base 16) to base 13.
189b8
1510670 (base 11) to base 6
131321112
What is 2036113 (base 12) in base 14?
b34c47
Convert -3002203032 (base 4) to base 2.
-11000010100011001110
3782784 (base 10) to base 2
1110011011100010000000
What is 101011101201 (base 3) in base 15?
3e40a
What is -440614 (base 8) in base 10?
-147852
Convert 174950 (base 10) to base 15.
36c85
12624433 (base 7) to base 3
2012020120001
What is -6063203 (base 8) in base 14?
-2d8a9d
What is -e2572 (base 16) in base 4?
-3202111302
Convert -2b866 (base 15) to base 14.
-39195
Convert -16388c (base 16) to base 12.
-5a28b8
Convert -56035 (base 9) to base 11.
-25a59
What is 21002020111002 (base 3) in base 16?
396fd4
Convert 22102455 (base 6) to base 16.
a1843
Convert -2771140 (base 8) to base 11.
-495268
-273073 (base 8) to base 16
-1763b
What is -8697a (base 15) in base 5?
-102134030
Convert 112010002101 (base 3) to base 9.
463071
What is 35ca72 (base 16) in base 15?
4997a9
Convert -34351400 (base 6) to base 11.
-661926
-7350484 (base 9) to base 11
-2244aa7
What is 11132324 (base 5) in base 2?
11000001100010001
What is 441456 (base 8) in base 12?
7197a
What is -101001011001010010010011 (base 2) in base 4?
-221121102103
What is 335c2 (base 14) in base 15?
26dda
What is -8cb22c (base 13) in base 12?
-114b5ab
-101222100200102 (base 3) to base 5
-2443130401
-1100101101000001011 (base 2) to base 7
-3352415
Convert -1086906 (base 10) to base 13.
-2c0952
What is -1298e (base 15) in base 3?
-10000122222
What is -991547 (base 12) in base 6?
-124015331
What is 55a374 (base 13) in base 16?
1ed9d2
67593 (base 10) to base 7
401031
Convert 10c51c (base 13) to base 5.
100223102
Convert -141306456 (base 7) to base 12.
-3111076
Convert 11111110100001100 (base 2) to base 11.
899aa
What is 1100101000110011000101 (base 2) in base 10?
3312837
What is 322514 (base 6) in base 4?
12132232
What is b3032 (base 13) in base 5?
40231203
What is 2dd44 (base 15) in base 2?
100100001010010010
1842147 (base 10) to base 14
35d49d
Convert 10708910 (base 10) to base 13.
22ac444
Convert 38656a (base 13) to base 16.
14b2c2
What is 4c1450 (base 13) in base 11?
10405a2
60008 (base 15) to base 2
1001010001010001110
-1002300313131 (base 4) to base 5
-13440023121
Convert 1c663 (base 13) to base 8.
155324
2253150 (base 6) to base 3
12220012110
What is 38654c (base 14) in base 13?
52b33c
What is -15a4 (base 11) in base 9?
-2727
Convert 111002211010 (base 3) to base 13.
90531
What is -433a271 (base 11) in base 2?
-11101000110000011000110
200204455 (base 6) to base 4
30320023103
1533533 (base 10) to base 8
5663135
What is -1405422 (base 9) in base 12?
-312662
What is 939773 (base 10) in base 14?
1a66a9
220d00 (base 15) to base 14
303633
Convert 2d06f6 (base 16) to base 4.
23100123312
-113224141 (base 5) to base 13
-154485
1012140121 (base 5) to base 2
111111000111011000001
20110120121201 (base 3) to base 16
346ec4
Convert c8250 (base 15) to base 4.
2123002101
-1a84a8 (base 11) to base 16
-4dcf7
1dcc5 (base 16) to base 12
5a771
Convert 1212222322 (base 4) to base 12.
18344a
-6721639 (base 10) to base 2
-11001101001000001100111
What is -4385458 (base 10) in base 2?
-10000101110101010110010
Convert 416452 (base 8) to base 2.
100001110100101010
What is 5a349 (base 11) in base 12?
42383
Convert 110100001011101001111 (base 2) to base 15.
23b988
Convert -1010010010011011 (base 2) to base 4.
-22102123
What is -103101630 (base 7) in base 11?
-3510527
123414 (base 9) to base 16
123c7
12036b0 (base 14) to base 7
133136610
Convert -705110 (base 12) to base 16.
-1ab65c
What is -120120120101 (base 3) in base 12?
-129517
What is a12793 (base 11) in base 10?
1628762
What is 109b539 (base 13) in base 4?
103133102312
Convert 22003523 (base 7) to base 2.
111001011111000011011
Convert -37418 (base 16) to base 2.
-110111010000011000
Convert -1011110000000110100001 (base 2) to base 9.
-5714718
-10100100 (base 7) to base 2
-11001101001011001111
-29529 (base 16) to base 2
-101001010100101001
What is 89a1a (base 12) in base 6?
3530434
What is 344341 (base 7) in base 2?
1111000010000101
Convert -11530625 (base 8) to base 16.
-26b195
Convert -12757a7 (base 12) to base 2.
-1101111000010100101111
Convert -93037a (base 11) to base 13.
-403c32
-621e3 (base 16) to base 6
-12340335
What is 11021112100 (base 3) in base 12?
408a6
What is 1036271 (base 8) in base 3?
112002220210
Convert 150434 (base 6) to base 10.
14422
Convert -1449951 (base 11) to base 13.
-691287
What is 42431204 (base 5) in base 12?
153428
Convert 22040120 (base 5) to base 7.
1421016
Convert -435321233 (base 6) to base 10.
-7817781
What is -27602771 (base 8) in base 16?
-5f05f9
What is 183194 (base 11) in base 5?
33014041
789140 (base 10) to base 14
167832
1237646 (base 8) to base 7
2631561
What is b217a (base 16) in base 5?
141320331
What is 33340042 (base 5) in base 2?
1000111100100011011
Convert 426238 (base 10) to base 12.
1867ba
What is 436174 (base 9) in base 3?
111020012111
-8018867 (base 9) to base 4
-100101022312
What is -1098996 (base 12) in base 4?
-30022102002
370063 (base 15) to base 16
282b91
What is -11a703 (base 16) in base 15?
-17cb97
What is 59349a7 (base 12) in base 9?
35385681
What is 26bb1 (base 14) in base 15?
1d4dc
-11444420 (base 5) to base 11
-75189
What is -1252516 (base 7) in base 3?
-22100020221
1d37f8 (base 16) to base 13
52077b
1232042414 (base 5) to base 8
13350753
3154b (base 12) to base 7
356450
What is 23404222 (base 5) in base 10?
216187
607577 (base 8) to base 14
5314b
37bb497 (base 12) to base 15
e63ad1
What is -137544 (base 11) in base 16?
-347a0
1348189 (base 10) to base 11
840a07
Convert -10110100111001011010001 (base 2) to base 7.
-101245505
Convert -cd157 (base 16) to base 4.
-3031011113
What is 121aab (base 12) in base 9?
486665
What is -108087a (base 11) in base 15?
-274dce
What is -232223010 (base 4) in base 5?
-22104142
What is -51345 (base 9) in base 6?
-420322
What is 242355006 (base 7) in base 15?
14dae49
What is 284377 (base 10) in base 6?
10032321
-206840 (base 9) to base 15
-26756
1100312320 (base 4) to base 8
1206670
Convert 4e2c5 (base 16) to base 13.
b2987
What is -298625 (base 10) in base 11?
-1943a8